-100000100 (base 2) in base 13?
-170
-2 (base 12) to base 2
-10
-301 (base 8) to base 7
-364
8 (base 10) to base 13
8
What is 8 (base 12) in base 7?
11
What is 10 (base 9) in base 13?
9
1 (base 2) to base 3
1
Convert -1 (base 15) to base 11.
-1
What is 164 (base 11) in base 10?
191
244 (base 8) to base 5
1124
Convert 42 (base 8) to base 14.
26
Convert -103 (base 11) to base 3.
-11121
What is 12 (base 13) in base 9?
16
-3 (base 16) to base 5
-3
Convert -20 (base 8) to base 4.
-100
73 (base 15) to base 4
1230
-111 (base 2) to base 9
-7
What is -33 (base 10) in base 16?
-21
2 (base 3) to base 7
2
What is -38 (base 10) in base 8?
-46
5 (base 10) to base 5
10
-3122 (base 4) to base 6
-1002
12 (base 12) to base 3
112
What is -2 (base 5) in base 6?
-2
440 (base 7) to base 8
340
-91 (base 10) to base 6
-231
Convert -22120 (base 3) to base 8.
-347
38 (base 15) to base 7
104
Convert -101 (base 6) to base 12.
-31
What is 1 (base 14) in base 10?
1
Convert -107 (base 9) to base 12.
-74
Convert 10 (base 3) to base 13.
3
What is 22 (base 8) in base 14?
14
Convert 12 (base 10) to base 8.
14
What is 13 (base 6) in base 11?
9
73 (base 16) to base 15
7a
Convert 1232 (base 6) to base 11.
260
What is -3 (base 8) in base 9?
-3
Convert 232 (base 8) to base 6.
414
-12 (base 10) to base 9
-13
What is -20 (base 7) in base 4?
-32
232 (base 6) to base 14
68
What is -30 (base 4) in base 5?
-22
Convert 521 (base 6) to base 3.
21011
Convert 10 (base 2) to base 15.
2
101 (base 2) to base 12
5
-3 (base 12) to base 9
-3
Convert -5 (base 13) to base 15.
-5
What is 11 (base 4) in base 9?
5
41 (base 7) to base 8
35
131 (base 5) to base 9
45
What is 11 (base 3) in base 9?
4
Convert 5e (base 15) to base 12.
75
What is 11 (base 4) in base 14?
5
What is 1 (base 7) in base 5?
1
What is -5 (base 11) in base 6?
-5
Convert 1332 (base 4) to base 11.
105
What is -6 (base 7) in base 10?
-6
Convert 24 (base 16) to base 9.
40
13 (base 5) to base 15
8
What is -5 (base 6) in base 10?
-5
-113 (base 8) to base 12
-63
Convert -155 (base 6) to base 15.
-4b
What is 0 (base 5) in base 12?
0
Convert -3 (base 16) to base 3.
-10
1 (base 5) to base 9
1
Convert -10 (base 2) to base 13.
-2
What is 2 (base 12) in base 11?
2
1003 (base 5) to base 6
332
Convert 155 (base 9) to base 2.
10000011
Convert 1 (base 3) to base 9.
1
Convert -153 (base 7) to base 14.
-63
What is 9 (base 11) in base 7?
12
Convert 33 (base 9) to base 4.
132
10 (base 5) to base 9
5
2 (base 5) to base 6
2
What is 3 (base 6) in base 2?
11
Convert -1011001 (base 2) to base 8.
-131
What is 12 (base 10) in base 13?
c
What is -294 (base 10) in base 8?
-446
What is 0 (base 4) in base 12?
0
What is -1 (base 13) in base 15?
-1
0 (base 16) to base 5
0
29 (base 15) to base 3
1110
-3 (base 5) to base 13
-3
What is 4 (base 8) in base 11?
4
101 (base 3) to base 2
1010
What is -61 (base 14) in base 11?
-78
-41 (base 5) to base 15
-16
-4 (base 12) to base 9
-4
What is -39 (base 15) in base 11?
-4a
-10 (base 3) to base 15
-3
Convert -2b (base 14) to base 6.
-103
What is 3 (base 6) in base 14?
3
1203 (base 4) to base 7
201
17 (base 13) to base 2
10100
What is 0 (base 10) in base 15?
0
What is -3310 (base 4) in base 3?
-100001
Convert -135 (base 12) to base 2.
-10111001
-7 (base 14) to base 15
-7
3 (base 6) to base 10
3
What is -240 (base 7) in base 15?
-86
What is -1b (base 14) in base 3?
-221
-2 (base 16) to base 7
-2
100 (base 5) to base 4
121
What is -32 (base 11) in base 2?
-100011
Convert -c3 (base 13) to base 12.
-113
4 (base 14) to base 9
4
Convert 45 (base 6) to base 15.
1e
Convert -10 (base 3) to base 11.
-3
-11 (base 4) to base 14
-5
Convert -144 (base 13) to base 8.
-341
-5 (base 16) to base 2
-101
What is -75 (base 13) in base 10?
-96
1 (base 12) to base 9
1
What is -9 (base 12) in base 11?
-9
What is 11 (base 3) in base 16?
4
Convert 101000110 (base 2) to base 12.
232
Convert 1000 (base 3) to base 11.
25
What is 2 (base 6) in base 9?
2
Convert -3 (base 10) to base 6.
-3
Convert 0 (base 11) to base 15.
0
What is 3 (base 7) in base 14?
3
What is -c7 (base 15) in base 14?
-d5
What is 0 (base 12) in base 15?
0
-46 (base 9) to base 11
-39
What is a4 (base 13) in base 14?
98
Convert 19 (base 14) to base 11.
21
-11 (base 5) to base 15
-6
Convert -10 (base 9) to base 14.
-9
-112 (base 4) to base 2
-10110
What is 4 (base 16) in base 12?
4
What is -2122 (base 3) in base 16?
-47
What is 8 (base 12) in base 10?
8
Convert 1 (base 14) to base 8.
1
What is -11 (base 12) in base 4?
-31
What is -202 (base 4) in base 13?
-28
What is 2 (base 15) in base 13?
2
-76 (base 10) to base 6
-204
Convert -2 (base 10) to base 3.
-2
Convert 1 (base 3) to base 6.
1
Convert -5 (base 11) to base 4.
-11
What is -3 (base 12) in base 11?
-3
-121 (base 8) to base 2
-1010001
What is 1 (base 7) in base 14?
1
Convert -20 (base 4) to base 5.
-13
2 (base 3) to base 6
2
3 (base 9) to base 12
3
Convert 1 (base 3) to base 12.
1
Convert -10011 (base 2) to base 12.
-17
Convert -13 (base 4) to base 16.
-7
What is -111100 (base 2) in base 8?
-74
-30 (base 11) to base 9
-36
-7 (base 16) to base 8
-7
1 (base 4) to base 6
1
Convert 20 (base 5) to base 4.
22
Convert -11 (base 4) to base 2.
-101
Convert 110001 (base 2) to base 8.
61
What is -a (base 12) in base 7?
-13
Convert -2010 (base 3) to base 12.
-49
75 (base 11) to base 15
57
Convert -10111 (base 2) to base 6.
-35
What is 10 (base 11) in base 4?
23
Convert -11 (base 6) to base 8.
-7
1 (base 2) to base 11
1
Convert 124 (base 5) to base 10.
39
5 (base 15) to base 9
5
Convert 37 (base 8) to base 9.
34
Convert -131 (base 4) to base 6.
-45
2 (base 8) to base 6
2
1312 (base 6) to base 5
2312
What is -b7 (base 13) in base 16?
-96
Convert -189 (base 14) to base 15.
-162
11100 (base 2) to base 14
20
What is -5 (base 6) in base 16?
-5
What is -1010001 (base 2) in base 12?
-69
Convert 0 (base 6) to base 12.
0
What is 32 (base 10) in base 13?
26
25 (base 6) to base 16
11
Convert 314 (base 7) to base 12.
112
What is 6 (base 9) in base 8?
6
What is 1 (base 9) in base 4?
1
Convert 2 (base 4) to base 7.
2
What is -3 (base 11) in base 7?
-3
Convert 3 (base 7) to base 6.
3
What is -9 (base 11) in base 3?
-100
Convert 101 (base 3) to base 12.
a
33 (base 7) to base 6
40
-1404 (base 5) to base 4
-3211
What is -111 (base 8) in base 16?
-49
What is 161 (base 8) in base 2?
1110001
What is 1110001 (base 2) in base 4?
1301
What is -11 (base 6) in base 10?
-7
-4 (base 13) to base 2
-100
7 (base 10) to base 8
7
What is -1304 (base 5) in base 14?
-108
What is -6 (base 10) in base 16?
-6
-2121 (base 3) to base 13
-55
Convert -3 (base 6) to base 13.
-3
What is 0 (base 13) in base 8?
0
a (base 13) to base 4
22
What is 103 (base 4) in base 3?
201
-5 (base 7) to base 9
-5
Convert -1 (base 9) to base 16.
-1
-121 (base 4) to base 10
-25
209 (base 13) to base 11
296
What is 1 (base 11) in base 15?
1
What is -13 (base 16) in base 3?
-201
-2 (base 6) to base 8
-2
What is 4 (base 13) in base 10?
4
What is -5 (base 14) in base 16?
-5
16 (base 12) to base 4
102
12 (base 5) to base 9
7
Convert 3 (base 12) to base 8.
3
Convert -11 (base 7) to base 14.
-8
What is 23 (base 8) in base 7?
25
What is 4 (base 14) in base 8?
4
2 (base 12) to base 13
2
Convert 1 (base 16) to base 6.
1
What is -3 (base 4) in base 15?
-3
Convert -2 (base 4) to base 5.
-2
Convert 33 (base 4) to base 6.
23
What is 3 (base 9) in base 3?
10
What is 1 (base 2) in base 11?
1
42 (base 15) to base 4
332
-6 (base 13) to base 6
-10
52 (base 7) to base 11
34
What is -1 (base 6) in base 15?
-1
What is -1 (base 11) in base 15?
-1
Convert -43 (base 11) to base 8.
-57
-36 (base 7) to base 3
-1000
a (base 13) to base 10
10
What is -6 (base 13) in base 15?
-6
-105 (base 14) to base 10
-201
What is 36 (base 12) in base 2?
101010
-b (base 15) to base 14
-b
-11 (base 5) to base 11
-6
3 (base 5) to base 10
3
-2 (base 7) to base 9
-2
Convert 5 (base 13) to base 7.
5
Convert -10 (base 7) to base 10.
-7
What is 4 (base 16) in base 3?
11
What is -c (base 16) in base 12?
-10
What is 124 (base 9) in base 3?
10211
11 (base 7) to base 15
8
110110 (base 3) to base 13
1cb
What is 12 (base 15) in base 8?
21
What is 14 (base 13) in base 15?
12
-11 (base 4) to base 5
-10
3 (base 14) to base 15
3
70 (base 11) to base 2
1001101
-11 (base 